90. Let x be q(-10). Let h(g) = g + 2. Let a be h(3). Suppose -4*f = -3*m + x + 160, -m = a*f - 89. List the prime factors of m.
2, 37
Let y(a) be the second derivative of a**4/12 - a**3/2 - 9*a**2 - 4*a + 9. List the prime factors of y(12).
2, 3, 5
What are the prime factors of 4 + 0 + 7 - -2156?
11, 197
Suppose 102 = 5*h - 13. Suppose -5*k + 4*w = -64 + h, 4*w = -5*k + 9. Suppose -213 = -3*c - 2*a + 49, -k*c - 5*a = -430. What are the prime factors of c?
2, 3, 5
Let a(c) = -2*c**3 - 22*c**2 - 4*c + 100. What are the prime factors of a(-16)?
2, 3, 227
Suppose -179388 = -8*r + 193*z - 188*z, z + 22422 = r. What are the prime factors of r?
2, 11213
Let d(r) = 3*r + 33. Let c be d(-14). Let y be 36/((c/(-42))/(6/(-8))). Let b = 190 + y. What are the prime factors of b?
2
What are the prime factors of (-51)/34*-1226*(-19)/(-3)?
19, 613
Let p be 3 - (-49)/14 - 10/4. Suppose p*t - 3876 = -4*f, t - 1936 = -t - f. What are the prime factors of t?
967
Let k be (1 + 6/(-9))*(-5 - -17). Suppose 12*o - 14*o + 1957 = 3*q, -3*q + 3917 = k*o. What are the prime factors of o?
2, 5, 7
Let z be (-4)/(-20) - (-364)/5. Let r = z - 70. Suppose 0 = -3*i + r, i - 3*i = 2*s - 124. List the prime factors of s.
61
Suppose 4*s - 27 + 15 = 0. Suppose -1429 = -3*h - 0*w + 4*w, s*w = 3*h - 1434. List the prime factors of h.
3, 7, 23
Suppose -8*d = -0 + 712. Let i = -49 - d. List the prime factors of i.
2, 5
Let z be (44 - 41) + (6 - 0). What are the prime factors of 19740/54 + 4/z?
2, 3, 61
Let a(q) = 1165*q + 414. What are the prime factors of a(3)?
3, 1303
Let y = -32 - -37. Let t be (-2 - -6)*(-4)/8 + y. What are the prime factors of (4/(-6)*t)/((-32)/1200)?
3, 5
Let z be 198/(-15) + (-3)/(-15). Let d(t) be the third derivative of -7*t**4/24 - 2*t**3/3 + 31*t**2 - 1. List the prime factors of d(z).
3, 29
Suppose -7*x - 40 = -3*x. Let t(i) = i - 1. Let o(a) = -a. Let u(d) = 13*o(d) + 6*t(d). What are the prime factors of u(x)?
2
Suppose 11639 = 5*n - 15*z + 14*z, -5*z - 20 = 0. Let p = n - 950. List the prime factors of p.
3, 17
Let v = 28 - 25. Let o(p) = -2*p**3 - 6*p + 132*p**2 + 6*p**v + 4 - 134*p**2. List the prime factors of o(4).
2, 3, 17
Let c be 5 - 1330/5 - 0. Let h = -42 - c. List the prime factors of h.
3, 73
Let w = 6564 + 3635. What are the prime factors of w?
7, 31, 47
Let h be (8236/(-12) - 3)/(14/(-21)). Suppose 4587 = 11*y + h. What are the prime factors of y?
17, 19
Let a(g) = -15*g + 46. Let w be a(-13). What are the prime factors of w + (0 - 2) + -1?
2, 7, 17
Let p(b) = -b**3 + 58*b**2 - 42*b + 148. What are the prime factors of p(52)?
2, 3547
Suppose 0 = -2*i + 34 - 6. Let o = 85 + i. List the prime factors of o.
3, 11
Let t be (-6 - -7)*21 + (-3 - 0). Suppose 2*b - 2*r = -111 + 375, 5*b + 2*r - 625 = 0. Let d = t + b. List the prime factors of d.
5, 29
Let s = -5506 + 5504. Let g(v) = 4 + 0 + 4*v - 8*v**2 + 19*v**2. What are the prime factors of g(s)?
2, 5
Suppose -2*d + 14367 = 4*l - 7*l, 2*l - 7166 = -d. What are the prime factors of d?
2, 3, 13, 23
List the prime factors of ((-32214)/(-3276))/(2*(-2)/(-264)).
11, 59
Let m = -294 + 298. Suppose 3*p = -m*w + 3075, -w + p + 958 = 198. List the prime factors of w.
3, 5, 17
Let h be 11142/27 - (1 + (-12)/9). Suppose 5*k + h = 2*l, k = -3*l - 2*k + 609. List the prime factors of l.
2, 3, 17
Let s(u) = -u**3 + 6*u**2 + 3*u - 2. Let f be s(-8). Suppose -7*v = -f - 180. What are the prime factors of v?
2, 3, 5
Suppose -n = 3*n - 10*n. Suppose n = -6*c + 38 + 172. Suppose 47 = d + c. List the prime factors of d.
2, 3
Suppose 0 = -550*v + 552*v + 726. Let w = 500 + v. List the prime factors of w.
137
Let h(w) = 12*w - 2. Let v be h(5). Let m(i) = i + 59*i**2 + 11 - v*i**2 - 6*i. What are the prime factors of m(-10)?
7, 23
Let g = 3441 + -3447. Let m(v) be the third derivative of v**5/15 - v**4/6 - 19*v**3/6 - v**2. What are the prime factors of m(g)?
149
Suppose -259235 = -5*k + 5*u, -129171 = -5*k - u + 130016. What are the prime factors of k?
51839
Suppose 0 = -2*l - r + 26537, -28*l + 66341 = -23*l + 2*r. List the prime factors of l.
13267
Suppose 15*i - 14*i = -2*x - 410, 606 = -3*x + 3*i. Let w = x - -259. List the prime factors of w.
5, 11
Suppose 3397571 = -489*j + 27053435. What are the prime factors of j?
2, 6047
Let r be ((-20)/(-12) - 1)*27/6. Suppose 0 = n + n + 4*h, 2*h = r*n. Suppose n = 8*i - 626 - 742. List the prime factors of i.
3, 19
Let f(s) = -18*s**2 + 17*s**2 - 34*s + 20 - 20*s + 63*s. Let y be 1 + 0 - (-7 + -1). List the prime factors of f(y).
2, 5
Suppose -m = 3*m - 2*r, 5*m - 3*r = -2. Suppose -c = -m*d + 1039, -1519 - 563 = -4*d - 2*c. What are the prime factors of d?
2, 5, 13
Let h(z) = -30*z**2 - 11*z - 13. Let r(o) = 30*o**2 + 10*o + 14. Let j(n) = 2*h(n) + 3*r(n). What are the prime factors of j(4)?
2, 3, 11
List the prime factors of -36 + 50 - 1010*-19.
2, 4801
Let g(l) = 2*l**2 + 24*l + 19. Let c be g(-11). Let w(y) = -218*y + 56. List the prime factors of w(c).
2, 5, 71
Let b be (-5 + 329/63)*9. Suppose y = -2*y + 4*p + 542, b*p - 886 = -5*y. List the prime factors of y.
2, 89
Let d = -537 - -664. Suppose -d + 243 = 2*n. What are the prime factors of n?
2, 29
Suppose 0 = -2*m + 4*d + 18, m = -4*m - d + 23. Suppose -8*p - m*a - 1453 = -10*p, -1465 = -2*p + a. What are the prime factors of p?
2, 367
Let r = 377 + -382. What are the prime factors of ((-14 - r) + 726)*(0 + 2)?
2, 3, 239
Let f be 3/39 - 878265/(-195). Suppose -f = -31*l + 23*l. What are the prime factors of l?
563
Let l(t) = 162*t**2 - 131*t - 357. List the prime factors of l(16).
39019
Let w = 146376 + -84857. What are the prime factors of w?
61519
Let o(c) = -8*c**2 + 3 + 8*c + 3*c**2 + 10*c**3 - 9*c**3. Let x be o(6). Suppose 0 = -5*j + 153 + x. List the prime factors of j.
2, 3
Let v(q) = -28*q + 55. Let s = -259 - -248. List the prime factors of v(s).
3, 11
Let n(w) = 2*w**3 + 3*w**2 - 5*w + 10. Suppose 0 = -l + 30 - 12. Suppose -k = 5*k - l. List the prime factors of n(k).
2, 19
Let s(y) = 48*y**2 + 23*y - 63. Let u be s(6). Suppose 7493 = 14*p - u. What are the prime factors of p?
2, 83
What are the prime factors of ((-42)/28)/3*-9766?
19, 257
Suppose 5*q = -3*o + 7767, o - 1231 = -3*q + 1362. List the prime factors of o.
2, 17, 19
Suppose 3*m - 15 = -3*f, 0 = f - m + 3 - 4. Suppose f*c - c = 1120. List the prime factors of c.
2, 5, 7
Suppose -136*f + 185308 + 396381 = 159817. List the prime factors of f.
2, 3, 11, 47
Suppose -4*m + 61 = -3*m + 3*p, 4*m + 2*p = 234. Suppose -m*a + 19*a + 17550 = 0. What are the prime factors of a?
2, 3, 5
Let n be (-14)/(-21) - 16/6 - 2. Let s(i) = 13*i**2 - i + 13. Let h be s(n). Suppose h = 9*m - 0*m. List the prime factors of m.
5
Suppose -44 = -4*p - 348. Let d be 1/(-4) + (-5871)/p. Suppose 0 = -w + 3*y + d, w - 4*y + 154 = 3*w. List the prime factors of w.
7, 11
Let p be (9/54*-4)/((-2)/6). Suppose -d - 2*t + 539 = 0, -d + t + 559 = -p*t. What are the prime factors of d?
547
Suppose 71*x - 3*q - 19177 = 69*x, -2*q = 3*x - 28798. List the prime factors of x.
2, 2399
Let j(i) = -1093*i - 1344. List the prime factors of j(-10).
2, 4793
Let d(w) = -255*w - 4020. What are the prime factors of d(-149)?
3, 5, 151
What are the prime factors of (-1513486)/(-273) + (-4)/(-42)?
2, 3, 7, 11
Let q(x) = 8*x**3 - 7*x**2 + 4*x - 24. Let u be q(5). Let r = -128 - -144. What are the prime factors of r/12 + u/3?
5, 11
Suppose -288 = 5*t + 652. Let n = t + 362. Suppose -n = 41*i - 44*i. What are the prime factors of i?
2, 29
Let o(m) = -m**2 + 18*m + 46. Let g be o(20). Suppose -g*j - 14032 = -22*j. What are the prime factors of j?
877
Let s = -84 + 198. Let d = 5 + -1. Suppose q + s = d*q. List the prime factors of q.
2, 19
Suppose -3*d = 9, -2*z + 3615 + 1158 = d. What are the prime factors of z?
2, 3, 199
Suppose 0 = 4*b + 770 - 2446. Suppose b + 109 = -6*t. What are the prime factors of t*(22/8 - 4)?
2, 5, 11
Let q = -35 - -105. Let y = q - 78. Let u(f) = -17*f - 12. What are the prime factors of u(y)?
2, 31
Suppose 80 = 4*w + 300. Let x = w - -50. What are the prime factors of ((-18)/(-7))/(-2*x/70)?
2, 3
Let p = -82242 - -127327. List the prime factors of p.
5, 71, 127
Let x = -45660 + 72433. List the prime factors of x.
41, 653
Let i = -262 - -259. Let x(z) = -14*z**3 + 3